inder when 2915 is divided by -5*1/((-55)/10681)?
2
Let z = 108 + -35. Let p(c) = -6*c**2 + 109*c + 694. Calculate the remainder when z is divided by p(23).
19
Calculate the remainder when 520 is divided by 1/((-2)/4) + -14 + 140.
24
Let f = -2618 - -2643. What is the remainder when 2274 is divided by f?
24
Let q = 44 + -40. Calculate the remainder when 69*(4 + -7 + q) is divided by 24.
21
Let u = -41 + 73. Let j = 34 - u. Suppose -3*c = j*c - 115. What is the remainder when c is divided by 6?
5
Suppose -19 = 2*u - 23. Suppose -2*s = 3*q - 266, -2*q + 358 = u*q + 2*s. Calculate the remainder when q is divided by 25.
17
Let w be (-2)/11 + (-46)/(-11) + 0. Suppose 7*p - 3*p = w*n + 224, n - 3 = 0. Let z = 18 - -13. Calculate the remainder when p is divided by z.
28
Suppose 5*j - j - 8 = 0. Let w(l) = -464*l - 3242. Let s be w(-7). What is the remainder when 6/18 - ((-388)/s - j) is divided by 34?
33
Let m = -50 + 84. Let p = 128 - m. What is the remainder when p is divided by 16?
14
Calculate the remainder when (288/(-45) + 6)*10*-67 is divided by 98.
72
Let z be 5 + (2 - 8) + 3. Suppose 2*r = z*n - 7*n + 64, 0 = -2*r + 4. Calculate the remainder when 176 is divided by n.
8
Suppose -32*c + 26738 = 36*c - 10*c. What is the remainder when c is divided by 98?
69
Let i(w) = 6*w**2 + w - 6. Suppose -5*h = -3*r - 1, -4*h + 0 + 14 = 2*r. Let n(g) = g**3 - 5*g**2 + 3*g - 2. What is the remainder when i(r) is divided by n(5)?
12
Suppose 125 = -t + 6*t. Let r = 4078 + -4006. Calculate the remainder when r is divided by t.
22
Let z be ((-6)/(-9))/(2/(-15))*-1. Let x = z + 63. What is the remainder when x is divided by 15?
8
Suppose 183*g - 16920 = -84*g - 156*g. Suppose -2*s + 5*l + 86 = 0, 4*l - 2*l - 114 = -2*s. What is the remainder when s is divided by g?
13
Suppose 2*p = 2*g - 12, -2*p - 22 = 31*g - 35*g. Calculate the remainder when 217 is divided by g.
2
Let h = -305 - -338. Suppose -d + h = -82. What is the remainder when d is divided by 32?
19
Suppose -5*q - w = 301, 14*q - 2*w = 18*q + 242. What is the remainder when (3/9)/((-2)/(-42)) is divided by q/(-36) - (-14)/6?
3
Let l(y) = 13*y**3 - 5*y**3 + y + 8*y**2 + 4 - 9*y**3. What is the remainder when (23/(-11))/((-6)/66) is divided by l(8)?
11
Let q(n) = 4*n**2 - 2*n - 1. Calculate the remainder when 5/(1 - (-77)/(-132)) is divided by q(-1).
2
Calculate the remainder when 1741 is divided by (-8 - 24417/(-135)) + 6/45.
11
Suppose u = -w + 152, -23 = 2*u - 2*w - 323. Suppose -u = -2*j + b, 244 = 3*j - 4*b + 6*b. Calculate the remainder when j is divided by 9.
6
Let j = 8 - 14. Let h be 1523/j - 14/84. Let a = -121 - h. What is the remainder when a is divided by 34?
31
Suppose -7*y + 36*y = 41876. Calculate the remainder when y is divided by 23.
18
Suppose 9*b - 1650 = -b. What is the remainder when b is divided by (-5)/3*3 + 17?
9
Suppose -35175 = -5*i - 3*z, 790*z = 2*i + 795*z - 14070. Calculate the remainder when i is divided by 17.
14
Let q = 3 - -5. Suppose -q*i + 12 = -4*i. Suppose -561*u + 6432 = -1887 + 1587. What is the remainder when u is divided by i?
0
Suppose -11*f - 2*f - 36*f = -10878. What is the remainder when 686 is divided by f?
20
Let j(s) = s + 0*s + 4*s**2 - 2*s**2 - 4. Let o = 13802 - 13771. What is the remainder when o is divided by j(-3)?
9
Suppose 0 = 994*z - 1004*z - 680. Let j = -35 - 19. Let s = j - z. What is the remainder when 26 is divided by s?
12
Let v be (14/2 + 2)/3. Let m = 548 + -161. Calculate the remainder when (m/84 + v/21)*20 is divided by 25.
20
Let q(w) = w**2 - 12*w - 7. Suppose 82 = h + 36. What is the remainder when h is divided by q(13)?
4
Suppose 9*g - 30 = 4*g. Let p = -1 + g. Suppose 3*q = -3*v + 9, 3*v - 4*v = 4*q - 15. Calculate the remainder when p is divided by q.
1
Let y(i) = 3 - 8 - 2*i + 6. What is the remainder when 95 is divided by y(-12)?
20
Let i(x) = 13*x - 21. Let b be i(2). What is the remainder when 70 is divided by 2 - 85/b*(-2)/2?
13
Let s(k) = -5*k**2 - 195*k - 103. Calculate the remainder when s(-35) is divided by 60.
57
Suppose 4*m - 14*f = -9*f + 32, -5*m = 3*f - 77. What is the remainder when 1864 is divided by m?
5
Let o = 9637 + -9593. Calculate the remainder when 120 is divided by o.
32
Calculate the remainder when 766 + (27 - 20) - 4/2 is divided by 248.
27
Let u = 113 - 107. Suppose 0 = 4*c - 10 - u. Suppose 0 = -3*d + 3*v - 7*v + 65, -c*d = -4*v - 40. What is the remainder when 24 is divided by d?
9
Suppose -239*q - 7242 = -274*q + 13303. What is the remainder when q is divided by 203?
181
Suppose -20 + 2 = 6*k. Let x(o) = -36*o - 33. Let y be x(k). Suppose 4*d + d - y = 0. Calculate the remainder when 74 is divided by d.
14
Let s = 704 - 592. What is the remainder when s is divided by 42?
28
Suppose -m = -t - 5, 3*m - 2*t - 12 = -m. Let j be 9/12*m/2*8. Suppose -9 = -j*x - 3*v, -x - x + 2*v = -10. Calculate the remainder when 15 is divided by x.
3
Let d = 140 + -322. Let u = -308 - d. Let a = u - -235. Calculate the remainder when a is divided by 28.
25
Let u(i) = 363*i + 14. What is the remainder when 237 is divided by u(0)?
13
Let c = -81 + 86. Suppose 0 = 2*m + 3*i - 28, 3*i - c = -m + 15. Calculate the remainder when 46 is divided by (-80)/(-12) + m/6.
6
Suppose 0 = 2*s + 3*x - 346, 3*s + 20*x - 557 = 25*x. Calculate the remainder when 502 is divided by s.
144
Calculate the remainder when (-14 - 79025/50)*-18 is divided by 113.
112
Let a(m) = -34*m + 265. Let y(s) = 69*s - 531. Let r(q) = -13*a(q) - 6*y(q). What is the remainder when r(16) is divided by 52?
33
Let u = -126 - -175. Suppose -u - 1 = -5*f. Let j(k) = -k**3 + 9*k**2 - 2*k - 9. What is the remainder when j(8) is divided by f?
9
Suppose 2*x - 3*s = 451, 5*x - 13*s + 17*s - 1093 = 0. Let b = 20 - 236. Calculate the remainder when x is divided by 2/18 + (-7968)/b.
36
Suppose 0 = 4*n + 183 - 639 - 216. What is the remainder when n is divided by 65?
38
Suppose 79*z = 55*z + 73656. What is the remainder when z is divided by 96?
93
Suppose -7*p + 7270 = -4701 - 4990. What is the remainder when p is divided by 162?
155
Suppose -r + 4*r - 99 = 0. Let a = 26 - r. Let y(p) = -5*p - 10. What is the remainder when 96 is divided by y(a)?
21
What is the remainder when 1654 is divided by (-45)/(-30) - 86/(-4)?
21
What is the remainder when (-155)/3100 - 29722/(-40) is divided by 170?
63
Let d(c) = c**3 + 5*c**2 - c - 8. Suppose 0 = 2*p - 5*s - 17, 0 = p + 5*s + 7 + 22. What is the remainder when d(p) is divided by 3?
0
Let d be -38*(-7)/(-10 - -3). Let i = 29 - 17. What is the remainder when ((-92)/161 - d/(-7)) + 24 is divided by i?
6
What is the remainder when 15/3 + (1468/(-24))/((-25)/150) is divided by 187?
185
Let t(y) = 4*y + 150. Let u = 4 - 3. What is the remainder when u - (168/(-2) + -2) is divided by t(-32)?
21
Suppose -2*b + 910 = -4*k, 2*b + 2289 = 7*b - 3*k. Let s = b + -455. What is the remainder when 18 is divided by s?
2
Let c be (-5)/((-27)/6 + 4). Suppose -11*d + 12*d - c = 0. Calculate the remainder when -85*1/d*(4 - 8) is divided by 11.
1
Let a(l) = 8*l + 296. Let k be a(-30). Suppose -k - 20 = -19*p. Calculate the remainder when 75 is divided by p.
3
Suppose -4*k + 54 = q, 5*q + 195 = -5*k + 495. Let x(u) = -209*u - 15. Let b be x(2). Let r = 465 + b. What is the remainder when q is divided by r?
30
Suppose 4*v = -3*o + 281, -2*v - 2*o + 141 = -o. Let j = -319 - -346. Let t = j - -10. Calculate the remainder when v is divided by t.
34
Let x = 3533 - 3376. What is the remainder when x is divided by 10?
7
Let q(w) = -2*w**2 + 6*w + 9. Let y(v) = v**2 - 7*v + 4. Let t be y(7). Let f be q(t). Let m(h) = 25*h**3. What is the remainder when 72 is divided by m(f)?
22
Let l = -48 - -43. Calculate the remainder when 496 is divided by l/(-20) - (-1415)/20.
70
Suppose 2*b + 8 = 0, v - 3*v + b = 14. Let f = 59 + v. What is the remainder when 248 is divided by f?
48
Let k(c) = c**3 - 6*c**2 + 11*c + 2. Let t be (-35)/(-5) + 1 + -3. Let x be k(t). Suppose 4*l - x = 32. What is the remainder when 63 is divided by l?
15
Let y(p) be the third derivative of 2*p**4/3 - 5*p**3/3 - 5*p**2. Let i be y(4). Suppose 0 = -71*v + 70*v + i. Calculate the remainder when v is divided by 11.
10
Let u = 177 - 28. What is the remainder when u is divided by 56?
37
Suppose 2*u